22201144
In base 5, what is 122304432 + 340?
122310322
In base 3, what is 1212101022010 + 10012?
1212101102022
In base 16, what is 1 + -e3669?
-e3668
In base 4, what is -1 + 101032011200?
101032011133
In base 16, what is 55d6 + -5f3?
4fe3
In base 3, what is 20200212021202 + 1120?
20200212100022
In base 16, what is -4199 - 1f2?
-438b
In base 13, what is -179b9 + 186?
-17833
In base 3, what is -122 + -11000020212?
-11000021111
In base 16, what is -68d50 + -10?
-68d60
In base 16, what is -8990 + 165?
-882b
In base 14, what is -1 + -11cd89?
-11cd8a
In base 15, what is 103 + -61d3?
-60d0
In base 15, what is -42028 - 86?
-420ae
In base 11, what is 339a5 + -25?
33980
In base 6, what is -50201502 - 20?
-50201522
In base 13, what is -a - 11c722?
-11c72c
In base 8, what is -50475 + -1455?
-52152
In base 16, what is 1 - 489d1?
-489d0
In base 9, what is -167602 + 23?
-167568
In base 7, what is 15 - -4661120?
4661135
In base 8, what is -114571 + -140?
-114731
In base 14, what is 1b1 - -4a90?
4c61
In base 4, what is -112302101123 + 10?
-112302101113
In base 11, what is 4 - -1a442a228?
1a442a231
In base 6, what is 4 - -531420435?
531420443
In base 3, what is 0 - 10102201102200122?
-10102201102200122
In base 7, what is -102632125 + 4?
-102632121
In base 9, what is 48 + 226043?
226102
In base 4, what is -11310113 - -13202033?
1231320
In base 10, what is -1105488 + 3?
-1105485
In base 16, what is 3 - -fe0b10?
fe0b13
In base 8, what is -7131 - -224052?
214721
In base 7, what is -13301450 - 0?
-13301450
In base 9, what is -1227768 - 283?
-1228162
In base 9, what is 407 + 125586?
126104
In base 11, what is -7a87211a + 5?
-7a872115
In base 5, what is 1004204433144 + 3?
1004204433202
In base 3, what is -22102012 - 200000?
-100002012
In base 8, what is 133723 - -4306?
140231
In base 11, what is -2725 + -24410?
-27035
In base 11, what is -6 - -765193?
765188
In base 9, what is -1331 + -17024?
-18355
In base 14, what is 5 + 4c6a5?
4c6aa
In base 14, what is 1ad - -9a32?
9c01
In base 7, what is -43 - 342535?
-342611
In base 5, what is -343 + 2310210311?
2310204413
In base 6, what is 204422 + 42552?
251414
In base 9, what is -560776 - -65?
-560711
In base 16, what is -11e85 - -17fc?
-10689
In base 14, what is -2c - 399946?
-399974
In base 14, what is -38c6 + 13283?
d79b
In base 11, what is -11224978 - 0?
-11224978
In base 9, what is -3 + -501345400?
-501345403
In base 11, what is 15 + 748106?
748120
In base 8, what is 60064165 + 3?
60064170
In base 6, what is -31 + 231020124?
231020053
In base 10, what is -144523 - 19?
-144542
In base 11, what is 13 - 1a11a731?
-1a11a719
In base 9, what is 106 + -50425?
-50318
In base 6, what is 211 - 5402405?
-5402154
In base 8, what is 4366766 - -30?
4367016
In base 6, what is 214103 - -440?
214543
In base 4, what is -3 + 1223013031313?
1223013031310
In base 12, what is 822a770 + -2?
822a76a
In base 13, what is -aa8 + -6b2?
-148a
In base 10, what is -5 + 53736646?
53736641
In base 3, what is -10020000 - -2212000?
-101000
In base 8, what is -362 - -41741?
41357
In base 2, what is -10111111001010111001 - 1010111?
-10111111001100010000
In base 4, what is -112 + -211230330303?
-211230331021
In base 10, what is 7765842 - -5?
7765847
In base 7, what is -4 - 16030321?
-16030325
In base 15, what is 42 + -130983?
-130941
In base 11, what is 0 - 576730?
-576730
In base 10, what is 12979 - -2219?
15198
In base 15, what is -13be29 + 1?
-13be28
In base 4, what is 1301011 - -21322?
1322333
In base 5, what is -13301 - -40411?
22110
In base 3, what is -1222201 + 102120012?
100120111
In base 16, what is 9a + 6d4c?
6de6
In base 3, what is -121022102020 + -20002201?
-121112111221
In base 10, what is -13270363 + 0?
-13270363
In base 14, what is 1a90 - -193?
1c43
In base 11, what is 14 - 10657558?
-10657544
In base 12, what is b0 - 15a97?
-159a7
In base 4, what is 120303311021 + -11?
120303311010
In base 10, what is -20047237 + 63?
-20047174
In base 4, what is 102312 - -103302?
212220
In base 13, what is -5 + -404b6ab?
-404b6b3
In base 15, what is 5ed50694 + -4?
5ed50690
In base 8, what is -57 + -2132475?
-2132554
In base 5, what is -102241002 - -13243?
-102222204
In base 4, what is 21 + 2031003022?
2031003103
In base 11, what is 4331 - 3193?
1149
In base 14, what is 2 + 12874d4?
12874d6
In base 11, what is 283a1a - -387?
2842a6
In base 15, what is -15 + 54463?
5444d
In base 6, what is 5314340153 - 10?
5314340143
In base 9, what is -4347 + -4362?
-8720
In base 16, what is a4cf10d + -5?
a4cf108
In base 2, what is 11100 + -10001110100101100110?
-10001110100101001010
In base 14, what is -153 + 696d1?
6957c
In base 8, what is 2734744 - 241?
2734503
In base 11, what is 4 - 10685a6?
-10685a2
In base 3, what is -1002122012101 - -1022201?
-1002120212200
In base 2, what is 0 + -1010110001010100000010?
-1010110001010100000010
In base 5, what is -3140 + -100412014?
-100420204
In base 15, what is 41224784 - -5?
41224789
In base 16, what is -146d + 58fa?
448d
In base 16, what is 612b - 11?
611a
In base 16, what is 1541 + -19d?
13a4
In base 8, what is 2 - -27611276?
27611300
In base 7, what is -10 - 26335?
-26345
In base 11, what is 0 - 5392a4?
-5392a4
In base 16, what is -2ca - a34c?
-a616
In base 15, what is -3cd - 22cd7?
-231b5
In base 7, what is 4624610 - -45?
4624655
In base 16, what is 30a + -504d?
-4d43
In base 6, what is -333311 - 12140?
-345451
In base 9, what is 3021376632 - 4?
3021376627
In base 9, what is 626042273 - 3?
626042270
In base 9, what is -258622884 - 0?
-258622884
In base 9, what is -768 + 50587?
48718
In base 9, what is 136384 - 1332?
135052
In base 7, what is -202 + -35512314?
-35512516
In base 12, what is 0 + 9a63205?
9a63205
In base 6, what is 2533524 - -23?
2533551
In base 10, what is 25138 - 5099?
20039
In base 16, what is -7 + -3ac9c0c?
-3ac9c13
In base 15, what is 5b00be37 - 4?
5b00be33
In base 10, what is -2423 - -1974?
-449
In base 4, what is 1 + 1030113111121?
1030113111122
In base 16, what is -4d04 + -82?
-4d86
In base 9, what is 3 - 158832372?
-158832368
In base 14, what is 1300c263 + 0?
1300c263
In base 10, what is 136752265 + 5?
136752270
In base 6, what is 2105331 + 1?
2105332
In base 12, what is -62342 + 66?
-62298
In base 11, what is -13665a0 + 7?
-1366594
In base 15, what is -50 - -6c30b6?
6c3066
In base 6, what is 105212243 - 4?
105212235
In base 4, what is -23100 + -112123333?
-112213033
In base 8, what is -2 - 23142570?
-23142572
In base 10, what is -199012 - 125?
-199137
In base 8, what is -3 + -450765525?
-450765530
In base 3, what is 10 + -11110220020121100?
-11110220020121020
In base 4, what is -12100132221 + 213?
-12100132002
In base 2, what is 100100100001100010101111 + -10?
100100100001100010101101
In base 3, what is 0 + -120111000000201?
-120111000000201
In base 7, what is 10136 - 36066?
-25630
In base 15, what is 180 - 3431?
-32a1
In base 2, what is 101000010100 - 1000110010100?
-11110000000
In base 16, what is 2 + 1b92aed?
1b92aef
In base 16, what is 131 + 5127?
5258
In base 4, what is -110033310221102 + -2?
-110033310221110
In base 11, what is -105a - -89?
-a81
In base 9, what is 14 - -3773614?
3773628
In base 15, what is -17abb + -15?
-17ad1
In base 15, what is 93e56 - d7?
93d6e
In base 5, what is -30141302 + 40?
-30141212
In base 4, what is 1031 + -11030303?
-11023212
In base 6, what is -4403025 + 5?
-4403020
In base 6, what is -3 + -11305501551?
-11305501554
In base 3, what is -221001011100021 + 2?
-221001011100012
In base 8, what is -1507027 + 3?
-1507024
In base 13, what is -168c8b - 6b?
-169029
In base 7, what is -2 - -1064620033?
1064620031
In base 3, what is -20022122121111 + -202?
-20022122122020
In base 8, what is 16332 + -260?
16052
In base 12, what is 0 + 4331?
4331
In base 8, what is -353 + -153770?
-154343
In base 15, what is -e148ce + 2?
-e148cc
In base 14, what is 1a32 - -17ddd?
19a31
In base 9, what is 1 + 18118282?
18118283
In base 9, what is 1030 + 224818?
225848
In base 9, what is -1827 - -57011?
55073
In base 6, what is -53502 + -322?
-54224
In base 4, what is 23010310 - -2010?
23012320
In base 15, what is 177ec43 + -5?
177ec3d
In base 6, what is 14300542145 - -4?
14300542153
In base 11, what is -2a2 - -3334?
3042
In base 12, what is 12151819 - -5?
12151822
In base 14, what is -9 + -c6acd?
